{"id":1461,"date":"2022-12-20T11:12:32","date_gmt":"2022-12-20T10:12:32","guid":{"rendered":"https:\/\/artimarti.com\/?page_id=1461"},"modified":"2025-01-01T22:12:19","modified_gmt":"2025-01-01T21:12:19","slug":"pravila-zastite-podataka-i-privatnosti","status":"publish","type":"page","link":"https:\/\/artimarti.com\/index.php\/pravila-zastite-podataka-i-privatnosti\/","title":{"rendered":"Pravila za\u0161tite podataka i privatnosti"},"content":{"rendered":"\t\t<div data-elementor-type=\"wp-page\" data-elementor-id=\"1461\" class=\"elementor elementor-1461\">\n\t\t\t\t\t\t<section class=\"elementor-section elementor-top-section elementor-element elementor-element-bcecd57 elementor-section-boxed elementor-section-height-default elementor-section-height-default\" data-id=\"bcecd57\" data-element_type=\"section\">\n\t\t\t\t\t\t<div class=\"elementor-container elementor-column-gap-default\">\n\t\t\t\t\t<div class=\"aux-parallax-section elementor-column elementor-col-100 elementor-top-column elementor-element elementor-element-166c6a5\" data-id=\"166c6a5\" data-element_type=\"column\">\n\t\t\t<div class=\"elementor-widget-wrap elementor-element-populated\">\n\t\t\t\t\t\t<div class=\"elementor-element elementor-element-e8dec3b elementor-widget elementor-widget-heading\" data-id=\"e8dec3b\" data-element_type=\"widget\" data-widget_type=\"heading.default\">\n\t\t\t\t<div class=\"elementor-widget-container\">\n\t\t\t\t\t<h2 class=\"elementor-heading-title elementor-size-default\">Pravila za\u0161tite podataka i privatnosti<\/h2>\t\t\t\t<\/div>\n\t\t\t\t<\/div>\n\t\t\t\t<div class=\"elementor-element elementor-element-7a43996 elementor-widget elementor-widget-text-editor\" data-id=\"7a43996\" data-element_type=\"widget\" data-widget_type=\"text-editor.default\">\n\t\t\t\t<div class=\"elementor-widget-container\">\n\t\t\t\t\t\t\t\t\t<p>ARTI MARTI, obrt za izradu nakita po\u0161tuje privatnost i \u0161titi osobne podatke svojih korisnika, poslovnih partnera ili drugih osoba s kojima ostvaruje poslovnu suradnju, a \u010dije osobne podatke prikuplja i obra\u0111uje u svom svakodnevnom poslovanju.<br>Pravila za\u0161tite podataka i privatnosti su temeljni dokument koji opisuje svrhu i ciljeve prikupljanja, obrade i upravljanja osobnim podacima, kao i osiguravanje adekvatne razine za\u0161tite podataka (u daljnjem tekstu: \u2018Pravila\u2019). U cilju osiguranja po\u0161tene i transparentne obrade, ARTI MARTI, obrt za izradu nakita&nbsp;vam pru\u017ea jasne informacije o obradi i za\u0161titi osobnih podataka koje prikuplja i obra\u0111uje te omogu\u0107ava jednostavan nadzor i upravljanje nad osobnim podacima i privolama.<br>Pravila su formirana u skladu s va\u017ee\u0107im propisima, Uredba (EU) 2016\/679 europskog parlamenta i vije\u0107a \u2013 Op\u0107a uredba o za\u0161titi podataka \u2013 GDPR i Zakonom o provedbi Op\u0107e uredbe o za\u0161titi podataka (NN 42\/18).<\/p>\n<p><strong>PODACI KOJE PRIKUPLJAMO<br><\/strong><br>Mo\u017eete posjetiti ARTI MARTI, obrt za izradu nakita&nbsp;web stranice i trgovinu bez pru\u017eanja informacija o sebi. U tom \u0107emo slu\u010daju prikupiti tehni\u010dke podatke o pristupu koje \u0107e va\u0161 preglednik automatski prenijeti na\u0161em poslu\u017eitelju (serveru) prilikom pregledavanja na\u0161ih web stranica. Pristupni podaci uklju\u010duju sljede\u0107e informacije:<br>\u2013 vrijeme i datum pristupa <br>\u2013 adresa web stranice kojoj ste pristupili i kojoj pristupate<br>\u2013 sadr\u017eaj zahtjeva (adrese i nazivi tra\u017eenih datoteka)<br>\u2013 informacije o kori\u0161tenom pregledniku i operativnom sustavu (verzije, postavke jezika)<br>\u2013 online identifikacijski podaci (npr. IP adresa, identifikacija ure\u0111aja, ID-ovi sesija)<br>\u2013 poruke o pogre\u0161kama, gdje je to primjenjivo (ako se tra\u017eeni sadr\u017eaj ne mo\u017ee prikazati)<br>\u2013 posljednja posje\u0107ena stranica na kojoj ste putem poveznice preusmjereni na na\u0161u stranicu<\/p>\n<p>Prilikom posjete na\u0161oj web stranici, va\u0161i \u0107e pristupni podaci biti automatski pohranjeni u log datotekama (dnevniku) na\u0161eg poslu\u017eitelja (servera) i naknadno anonimizirani skra\u0107ivanjem ili brisanjem va\u0161e IP adrese. Nakon tog postupka vi\u0161e ne\u0107e biti mogu\u0107e donijeti zaklju\u010dke o va\u0161oj osobi na temelju log datoteka dnevnika poslu\u017eitelja.<br>Tako\u0111er, kada posjetite ARTI MARTI, obrt za izradu nakita&nbsp;web trgovinu, prikupit \u0107emo i one podatke koje izravno pru\u017eate kori\u0161tenjem dostupnih funkcija. Na primjer, saznat \u0107emo koji proizvodi vas zanimaju kada upotrijebite funkciju pretra\u017eivanja.<\/p>\n<p><strong>Pravila o kola\u010di\u0107ima (\u2018cookies\u2019)<\/strong><\/p>\n<p>Web trgovina ARTI MARTI, obrt za izradu nakita&nbsp;koristi kola\u010di\u0107e (\u2018cookies\u2019) s ciljem pobolj\u0161avanja va\u0161eg korisni\u010dkog iskustva. Kola\u010di\u0107 je standardizirana tekstualna datoteka koju va\u0161 web preglednik \u010duva na va\u0161em ra\u010dunalu u vremenskom razdoblju koje je odredio pru\u017eatelj kola\u010di\u0107a. Kola\u010di\u0107i omogu\u0107avaju lokalno pohranjivanje informacija kao \u0161to su postavke jezika, sadr\u017eaj ko\u0161arice za kupnju i privremene identifikacijske zna\u010dajke koje se mogu pozvati tijekom sljede\u0107ih posjeta web lokaciji kako bi se ponovno postavile odgovaraju\u0107e postavke koje je korisnik odabrao prilikom prethodnog posjeta. Ove informacije mogu biti spremljene jedino ako vi to kao korisnik omogu\u0107ite. Web stranice i trgovina ne mogu dobiti pristup informacijama bez va\u0161e dozvole i ne mogu pristupiti drugim datotekama na va\u0161em ra\u010dunalu.<br>Prilikom prve posjete na\u0161im web stranicama i web trgovini samostalno \u0107ete odabrati razinu kola\u010di\u0107a koju \u017eelite pohraniti na svom ra\u010dunalu te na taj na\u010din u potpunosti upravljati procesom kori\u0161tenja kola\u010di\u0107a.<br>Mo\u017eete pregledati i izbrisati kola\u010di\u0107e koji se koriste u sigurnosnim postavkama va\u0161eg preglednika. Postavke preglednika mo\u017eete konfigurirati u skladu s va\u0161im \u017eeljama i, na primjer, odbiti prihvatiti kola\u010di\u0107e tre\u0107ih strana ili bilo koje kola\u010di\u0107e.<\/p>\n<p>Prikupit \u0107emo podatke o proizvodima koje naru\u010dujete, kao i podatke koji se izravno prikupljaju u vezi s izvr\u0161avanjem va\u0161ih narud\u017ebi. Podaci za izvr\u0161avanje narud\u017ebi su sljede\u0107i:<br>\u2013 informacije o naru\u010denim proizvodima, kao \u0161to su brojevi i veli\u010dina predmeta<br>\u2013 ime i prezime<br>\u2013 adresa za isporuku robe<br>\u2013 e-mail adresa<br>\u2013 broj mobitela za kontakt radi isporuke<br>\u2013 podaci o pla\u0107anju<br>\u2013 podaci o povratima i reklamacijama (npr. razlozi za povratak, obavijesti o nedostatcima)<br>\u2013 brojevi narud\u017ebi<br>\u2013 brojevi za pra\u0107enje po\u0161iljke<br>\u2013 ime tvrtke i kontakt osobe, adresu tvrtke i OIB (ukoliko ste zatra\u017eili R1 ra\u010dun)<\/p>\n<p>\u010cak i ako izvr\u0161ite nekoliko narud\u017ebi kao gost i upotrebljavate identi\u010dne glavne podatke, na\u0161i \u0107e sustavi zadr\u017eati va\u0161e podatke u jedinstvenom zapisu o korisni\u010dkim podacima kako bi se olak\u0161alo odr\u017eavanje baze podataka na\u0161ih klijenata.<br>Kada nas kontaktirate<br>Prikupit \u0107emo komunikacijske podatke koje popunjavate kada nas kontaktirate putem obrasca za kontakt na na\u0161oj web stranici, putem e-maila, telefona ili na drugi na\u010din. Ovisno o kanalu koji upotrebljavate, to mo\u017ee obuhva\u0107ati npr. podatke za kontakt (npr. e-mail adresu ili telefonski broj) i sadr\u017eaj va\u0161e poruke. <br>Tako\u0111er \u0107emo koristiti ponude koje pru\u017eaju dru\u0161tvene mre\u017ee kao \u0161to su Facebook i Instagram za interakciju s na\u0161im klijentima. Imajte na umu da ARTI MARTI, obrt za izradu nakita&nbsp;nema utjecaja na uvjete pru\u017eanja usluge dru\u0161tvenih mre\u017ea ili njihove politike obrade podataka. Stoga svakako provjerite osobne podatke koje nam dostavljate putem dru\u0161tvenih mre\u017ea.<\/p>\n<p><b>NA\u010cINI KORI\u0160TENJA PRIKUPLJENIH PODATAKA<br><\/b><br><b>Posjeta web trgovini&nbsp;<\/b>ARTI MARTI, obrt za izradu nakita<br>Prilikom posjeta i pregledavanja web stranice i trgovine ARTI MARTI, obrt za izradu nakita&nbsp;obradit \u0107emo pristupne podatke, datoteke zapisnika poslu\u017eitelja i kola\u010di\u0107e koji se prikupljaju u ovom kontekstu kako bismo vam u\u010dinili dostupnom na\u0161u web stranicu, njene sadr\u017eaje i funkcionalnosti koje koristite, te osigurali stabilnost i sigurnost na\u0161eg informati\u010dkog sustava i baza podataka. <br>Pravni okvir za zakonitost obrade podataka prilikom posjeta web stranicama i trgovini ARTI MARTI, obrt za izradu nakita je Uredba (EU) 2016\/679 europskog parlamenta i vije\u0107a \u2013 Op\u0107a uredba o za\u0161titi podataka \u2013 GDPR, \u010dlanak 6., stavak 1, alineja f \u2013 obrada nu\u017ena za potrebe legitimnih interesa \u2013 tehni\u010dka dostupnost web stranice.<\/p>\n<p><b>Naru\u010divanje proizvoda i izvr\u0161avanje ugovora o kupoprodaji<br><\/b>Obra\u0111ujemo va\u0161e podatke kako bismo izvr\u0161ili ugovore koje smo sklopili s vama i pru\u017eili vam usluge i proizvode koje ste zatra\u017eili. Svrha obrade se temelji prvenstveno na specifi\u010dnim sadr\u017eajima iz ugovora. Dodatne pojedinosti o svrsi obrade podataka mo\u017eete prona\u0107i u Op\u0107im uvjetima i odredbama kori\u0161tenja web trgovine ARTI MARTI, obrt za izradu nakita.<br>Pravni okvir za zakonitost obrade podataka prilikom obrade narud\u017ebe i izvr\u0161avanja ugovora o kupoprodaji je Uredba (EU) 2016\/679 europskog parlamenta i vije\u0107a \u2013 Op\u0107a uredba o za\u0161titi podataka \u2013 GDPR, \u010dlanak 6., stavak 1, alineja b \u2013 obrada nu\u017ena za sklapanje i izvr\u0161avanje ugovora.<\/p>\n<p><b>Interno marketin\u0161ko istra\u017eivanje, optimizacija i pobolj\u0161anje ponude<\/b><br>Koristit \u0107emo podatke koje unesete (npr. podaci o naru\u010denim proizvodima, povratima) za interne statisti\u010dke svrhe i za potrebe istra\u017eivanja tr\u017ei\u0161ta. Prije kori\u0161tenja, podatke \u0107emo u\u010diniti anonimnima uklanjanjem svih osobnih podataka, npr. zamjenom va\u0161eg imena i drugih podataka prikladnih za identifikaciju sa slu\u010dajnim podacima.<br>Na taj na\u010din mo\u017eemo izmjeriti koje su stranice na\u0161e web trgovine i proizvodi popularni, koje ure\u0111aje na\u0161i korisnici op\u0107enito koriste i iz kojih se regija pristupa na\u0161oj web stranici. Prikupljeni podaci poma\u017eu nam kontinuirano optimizirati postoje\u0107u ponudu i razvijati nove funkcionalnosti i usluge.<br>Pravni okvir za zakonitost obrade ovog vrste podataka je Uredba (EU) 2016\/679 europskog parlamenta i vije\u0107a \u2013 Op\u0107a uredba o za\u0161titi podataka \u2013 GDPR, \u010dlanak 6., stavak 1, alineja f \u2013 obrada nu\u017ena za potrebe legitimnih interesa \u2013 pobolj\u0161anje funkcionalnosti web stranice i kvalitete ponude.<\/p>\n<p><b>3. SLU\u010cAJEVI U KOJIMA \u0106EMO DIJELITI OSOBNE PODATKE<br><\/b><br>U osnovi, podijelit \u0107emo va\u0161e podatke samo ako:<br>\u2013 ste na to izri\u010dito pristali u skladu s \u010dlankom 6. stavak 1. alineja a, Uredba (EU) 2016\/679 europskog parlamenta i vije\u0107a \u2013 Op\u0107a uredba o za\u0161titi podataka \u2013 GDPR<br>\u2013 dijeljenje je nu\u017eno prema \u010dlanku 6. stavak 1. alineja f kako bi se utvrdila, izvr\u0161avala ili branila pravna potra\u017eivanja, a nema razloga pretpostaviti da imate prevladavaju\u0107i legitiman interes da se va\u0161i podaci ne dijele<br>\u2013 dijeljenje je neophodno za po\u0161tivanje zakonske obveze iz \u010dlanka 6. stavak 1, alineje c ili e, Op\u0107a uredba o za\u0161titi podataka GDPR, osobito ako smo du\u017eni pru\u017eiti informacije javnom tijelu<br>\u2013 dijeljenje je dopu\u0161teno zakonom i nu\u017eno po \u010dlanku 6. stavak 1, alineja b Op\u0107a uredba o za\u0161titi podataka, GDPR radi izvr\u0161avanja ugovora s vama ili poduzimanja radnji prema va\u0161em zahtjevu prije sklapanja ugovora.<br>Neke ovdje opisane obrade podataka mogu obavljati vanjski pru\u017eatelji usluga koji djeluju u na\u0161e ime. Davatelji usluga navedeni u ovom dokumentu mogu uklju\u010divati, ra\u010dunalne centre koji pohranjuju i odr\u017eavaju na\u0161e web stranice i baze podataka, pru\u017eatelje IT usluga koji odr\u017eavaju na\u0161e poslovne sustave, kao i konzultantske tvrtke.<br>Ako i u mjeri u kojoj dijelimo podatke s na\u0161im pru\u017eateljima usluga, ti se podaci mogu koristiti samo za svrhu izvr\u0161avanja njihovih usluga. Obrada va\u0161ih podataka od strane ugovornih pru\u017eatelja usluga \u0107e se odvijati u okviru obrade i izvr\u0161enja va\u0161e narud\u017ebe u skladu s \u010dlankom 28. Uredbe (EU) 2016\/679 europskog parlamenta i vije\u0107a \u2013 Op\u0107a uredba o za\u0161titi podataka \u2013 GDPR. Ugovorni pru\u017eatelji usluga su pa\u017eljivo odabrani poslovni partneri. Ugovorno su vezani na\u0161im uputama, provode odgovaraju\u0107e tehni\u010dke i organizacijske mjere za za\u0161titu prava nositelja podataka i podlije\u017eu redovitim nadzorima koje provodimo.<\/p>\n<p><b>KOLIKO DUGO \u0106E BITI POHRANJENI VA\u0160I PODACI<br><\/b><br>Osim ako ovdje nije druk\u010dije navedeno, va\u0161i \u0107e se podaci pohraniti samo onoliko dugo koliko je potrebno za ispunjavanje na\u0161ih ugovornih ili zakonskih obveza ili svrhe za koje su podaci izvorno prikupljeni ili dok god imamo legitiman interes za pohranjivanje takvih podataka.<br>U svim ostalim slu\u010dajevima va\u0161i osobni podaci bit \u0107e izbrisani, osim podataka koje moramo zadr\u017eati u skladu s zakonskim razdobljima \u010duvanja. Me\u0111utim, u takvim \u0107emo slu\u010dajevima ograni\u010diti obradu podataka, tj. va\u0161i \u0107e se podaci upotrebljavati samo u skladu s zakonskim obvezama.<br>Uobi\u010dajeno, va\u0161e narud\u017ebe i podaci o pla\u0107anju i drugi podaci, ako je primjenjivo, podlije\u017eu zakonskim obvezama zadr\u017eavanja, stoga smo obvezni zadr\u017eati takve podatke do deset godina.<br>\u010cak i ako podaci nisu podlo\u017eni zakonskim obvezama zadr\u017eavanja, mo\u017eemo se suzdr\u017eati od brisanja va\u0161ih podataka u slu\u010dajevima dopu\u0161tenim zakonom i umjesto toga ograni\u010diti njihovu obradu. To se mo\u017ee primijeniti posebno u onim slu\u010dajevima u kojima se ti podaci mogu tra\u017eiti za daljnju obradu ugovora ili za ostvarivanje prava ili u svrhu pravne obrane. Trajanje ograni\u010denja obrade ovisit \u0107e o zakonskim rokovima ograni\u010denja.<\/p>\n<p><b>PRAVO POVLA\u010cENJA SUGLASNOSTI I PRAVO PRIGOVORA<br><\/b><br>Ako \u017eelite ostvariti svoje pravo povla\u010denja ili prigovora u nastavku, po\u0161aljite obavijest na kontakt podatke (mail-om arti.marti3@gmail.com ili po\u0161tom, Kumi\u010di\u0107eva ulica 13, 52100 Pula) navedene u uvodnom dijelu teksta.<br>Povla\u010denje suglasnosti (privole)<br>\u010clanak 7. stavak 3. Op\u0107e uredbe o za\u0161titi podataka GDPR (EU) 2016\/679 vam daje pravo na povla\u010denje bilo kakve suglasnosti (privole) koju ste prethodno dali. To zna\u010di da u budu\u0107nosti vi\u0161e ne\u0107emo nastaviti obradu podataka koja se temeljila na va\u0161em pristanku. Povla\u010denje va\u0161eg pristanka ne\u0107e utjecati na zakonitost obrade temeljem pristanka prije njegovog povla\u010denja.<br>Prigovor na obradu va\u0161ih podataka<br>Ako obra\u0111ujemo va\u0161e podatke na temelju legitimnih interesa sukladno \u010dlanku 6. stavku 1, alineja f Op\u0107e uredbe o za\u0161titi podataka GDPR (EU) 2016\/679, imate pravo na temelju \u010dlanka 21. ulo\u017eiti prigovor na na\u010din obrade va\u0161ih podataka ako za to postoje razlozi koji proizlaze iz specifi\u010dnosti va\u0161e situacije ili ako je prigovor usmjeren protiv direktnog ogla\u0161avanja.<\/p>\n<p><b>SIGURNOST PODATAKA<\/b><br>Koristimo sve odgovaraju\u0107e tehni\u010dke mjere kako bismo osigurali sigurnost podataka, a posebice kako bismo za\u0161titili va\u0161e podatke od rizika tijekom prijenosa podataka, kao i od neovla\u0161tenog pristupa tre\u0107ih strana,&nbsp;a posebice kako bismo za\u0161titili va\u0161e podatke od rizika tijekom prijenosa podataka, kao i od neovla\u0161tenog pristupa tre\u0107ih strana.<\/p>\t\t\t\t\t\t\t\t<\/div>\n\t\t\t\t<\/div>\n\t\t\t\t\t<\/div>\n\t\t<\/div>\n\t\t\t\t\t<\/div>\n\t\t<\/section>\n\t\t\t\t<\/div>\n\t\t","protected":false},"excerpt":{"rendered":"<p>Pravila za\u0161tite podataka i privatnosti ARTI MARTI, obrt za izradu nakita po\u0161tuje privatnost i \u0161titi osobne podatke svojih korisnika, poslovnih partnera ili drugih osoba s kojima ostvaruje poslovnu suradnju, a \u010dije osobne podatke prikuplja i obra\u0111uje u svom svakodnevnom poslovanju.Pravila za\u0161tite podataka i privatnosti su temeljni dokument koji opisuje svrhu i ciljeve prikupljanja, obrade i [&hellip;]<\/p>\n","protected":false},"author":1,"featured_media":0,"parent":0,"menu_order":0,"comment_status":"closed","ping_status":"closed","template":"","meta":{"footnotes":""},"class_list":["post-1461","page","type-page","status-publish","hentry"],"_links":{"self":[{"href":"https:\/\/artimarti.com\/index.php\/wp-json\/wp\/v2\/pages\/1461","targetHints":{"allow":["GET"]}}],"collection":[{"href":"https:\/\/artimarti.com\/index.php\/wp-json\/wp\/v2\/pages"}],"about":[{"href":"https:\/\/artimarti.com\/index.php\/wp-json\/wp\/v2\/types\/page"}],"author":[{"embeddable":true,"href":"https:\/\/artimarti.com\/index.php\/wp-json\/wp\/v2\/users\/1"}],"replies":[{"embeddable":true,"href":"https:\/\/artimarti.com\/index.php\/wp-json\/wp\/v2\/comments?post=1461"}],"version-history":[{"count":23,"href":"https:\/\/artimarti.com\/index.php\/wp-json\/wp\/v2\/pages\/1461\/revisions"}],"predecessor-version":[{"id":6097,"href":"https:\/\/artimarti.com\/index.php\/wp-json\/wp\/v2\/pages\/1461\/revisions\/6097"}],"wp:attachment":[{"href":"https:\/\/artimarti.com\/index.php\/wp-json\/wp\/v2\/media?parent=1461"}],"curies":[{"name":"wp","href":"https:\/\/api.w.org\/{rel}","templated":true}]}}